, 0*q - 4*q - 4*i - 112 = 0. What is the tens digit of (q/w + 2)*6?
2
Suppose 265*r = 268*r - 27. What is the units digit of r?
9
Let d(c) = c**3 + 5*c**2 - 3*c - 10. Let s(f) = f**2 + 4*f - 1. Let n be s(-2). Let i be d(n). Suppose 0 = -i*a + 7*a - 12. What is the units digit of a?
6
Let d = -8467 - -12084. What is the tens digit of d?
1
Let q(u) = 6 + u**3 + 6*u**2 + 5*u**2 - 2*u**3 + 2*u + 0*u**3. What is the hundreds digit of q(10)?
1
What is the units digit of 1088094/490 + (-3)/5?
0
What is the tens digit of 1749*(10/(-3))/(-5)?
6
What is the tens digit of (494/39 - 12) + 4102/3?
6
Let b(z) = z**3 - 6*z**2 - 11*z + 20. Suppose -3*u = 33 - 57. What is the tens digit of b(u)?
6
Suppose 4*j - 93 = -j + y, 2*y = 2*j - 34. Suppose 3 + j = k. What is the tens digit of k?
2
Let x(c) = c**3 - 8*c**2 + 70. What is the hundreds digit of x(13)?
9
Let r = -1420 - -2997. What is the units digit of r?
7
Let u = 24 - 22. Suppose -3*b + 1 = u*c - 0, -2*b = -3*c - 18. Suppose 2*a = -3*y + 117, -b*a - 44 - 6 = -y. What is the units digit of y?
1
Let a be (-2*9/(-12))/((-3)/(-6)). Suppose a*n + 0*n - 27 = 0. What is the units digit of n?
9
Let n be (-4)/(40/(-15))*(-2)/3. What is the tens digit of n + (2 - 2) + 27?
2
Suppose 3*q - k = 23, 2*k = -3*q + 7*k + 19. Let x = -14 + q. What is the tens digit of -2*9/x + 21?
2
Let m(j) = -2*j**2 + 153*j - 42. What is the thousands digit of m(31)?
2
Suppose 5*c - 3*f = 28, 2*f + 21 = 4*c + f. Suppose -3*i = 5*p - 178 - 197, -3*p + 225 = c*i. What is the units digit of p?
5
Let i(g) = g**3 - g + 0*g**3 - 2*g**3 - 1. Let x be i(0). What is the units digit of (-5 + 9)*x/(-4)?
1
Let p = 781 - -162. What is the hundreds digit of p?
9
Suppose -1110 = -4*i + g, 4*i - 5*g - 1616 = -498. What is the hundreds digit of i?
2
Suppose -5*c - 3 = 27. Let x(s) = 1 - 3*s + 2*s + 5 - 1. What is the units digit of x(c)?
1
Let h(c) be the first derivative of 5*c**3/3 + 3*c**2 + 7*c - 11. What is the hundreds digit of h(-5)?
1
Let w be 10/4*6/(-9)*-9. What is the units digit of 0 + (-3)/w - 2807/(-35)?
0
Let o = -386 - -671. What is the units digit of o?
5
Let y(o) = 22*o**2 - 10*o - 108. Let z(c) = -15*c**2 + 7*c + 72. Let r(j) = 5*y(j) + 7*z(j). What is the hundreds digit of r(-7)?
2
Let k = -29 - -32. Let s(u) = u**2 - 1. What is the units digit of s(k)?
8
Suppose -10 - 6 = 2*v + 4*s, 5*v - 4*s = 16. Let b = 108 + -105. Suppose -b*t = -v*t - 12. What is the units digit of t?
4
Suppose -5*z - 3*y = -7345, -1738 = -z + 5*y - 241. What is the hundreds digit of z?
4
Let g be 3/4 + 6/(-8). Suppose 2*k = -2*o + 4, -4*k - o - 2*o + 12 = g. Suppose -16 = 2*i - k*i. What is the units digit of i?
4
Suppose -2*l = -8, 6*t + 2 = 8*t + 2*l. Let c = -38 + -61. What is the units digit of t/12 - c/12?
8
Let y(s) = 2*s**2 + 5*s + 5. What is the tens digit of y(7)?
3
Let w(m) = -m + 24. Let s be w(19). Suppose -s*d - 93 = -488. What is the tens digit of d?
7
Suppose -3*m + 4*m + 28 = 0. Let x = -3 - m. Let u = 46 - x. What is the tens digit of u?
2
Let l(j) = -3*j**2 - 3*j**3 + 3*j**2 + 5*j**2 + j + 3*j - 1. Let b be l(-4). What is the tens digit of (-3)/12 - b/(-12)?
2
Suppose -4*z + 138*r - 136*r = -3362, -r = 3*z - 2514. What is the units digit of z?
9
Suppose 0 = 35*s - 31*s + 24. What is the tens digit of ((-3)/2)/(s - (-47)/8)?
1
Let d = 64 - 28. Suppose o - d = 2*h + 16, 2*o - 94 = 2*h. What is the units digit of o?
2
Let i(u) = -31*u**3 + 3*u**2 + 17*u + 11. What is the tens digit of i(-3)?
2
Suppose 4*c = 2*g - 0*g - 6, 5*g + 13 = 3*c. Let z(h) = -h**3 - 6*h**2 - 6*h. Let k be z(c). What is the units digit of k/28 - (-170)/7?
4
Suppose s = 4*k + 209, 5*k = -3*s - 0*k + 559. Suppose s = 6*x + 49. Suppose 0 = 21*j - x*j + 135. What is the units digit of j?
5
Suppose 4*y = -0*m + 3*m + 1044, -2*y + 1740 = -5*m. Let z be (-1)/5 - m/15. Let t = z - 5. What is the tens digit of t?
1
Let t be -1 - (-61 + 2 - -4). Suppose 0 = -56*l + t*l + 332. What is the hundreds digit of l?
1
Let g = 62 + -57. Suppose -g*w + 3*v - 90 + 373 = 0, w - 51 = -5*v. What is the units digit of w?
6
Let n = 173 + -89. What is the tens digit of n?
8
Let x = -9 - -889. What is the hundreds digit of x?
8
Let j = 22 - 16. Let k(c) = -c**2 - 3*c**2 + c**3 - 2*c + 0 + 0*c**3 - 1. What is the units digit of k(j)?
9
Suppose -3*c + 5*s = -1134, -4*c + 3*c = 3*s - 392. Suppose 5*q - u = c, 5*u = 2*q + 6*u - 156. What is the tens digit of q?
7
Let v = 98 - 99. What is the units digit of (-312)/(-2) - v/6*0?
6
Suppose -77*j = -70*j - 1582. What is the tens digit of j?
2
Suppose 0 = 2*k + 5*k - 259. Suppose -5*r = 2*w - 87, w + 4*r - 8 - k = 0. What is the tens digit of w?
4
Let n = 304 + -179. Suppose 4*k = n - 21. What is the tens digit of k?
2
Let p(x) = x - 1. Let a be 4/(-2 + 0) - 1. Let j be p(a). What is the units digit of 2/j + (-26)/(-4)?
6
Suppose 0 = -0*z - 5*z + 20. Let d be ((-10)/4)/((-2)/z). Suppose -a + d*w + 17 = 0, -a + 2*w = 2*a - 90. What is the units digit of a?
2
Let i(n) = 30*n**2 - 5*n - 3. Let q be i(3). Suppose -5*m = -2*l + 6*l - q, -126 = -2*l + 5*m. What is the tens digit of l?
6
Suppose 8*g = 5*g + 9, 2*b + 5 = 3*g. What is the units digit of ((-18)/4 + b)/((-5)/190)?
5
Let q = -148 + 819. What is the hundreds digit of q?
6
Let c be (-12)/(-36) - 5/(-3). Let b = 4 - c. What is the units digit of -1 - 4*(-1)/b?
1
Let k(d) = 26*d - 1. Let w(h) = -3*h + 1. Let p be w(-3). Suppose -6*l + p = -l. What is the tens digit of k(l)?
5
Suppose 2*k - 475 - 2567 = 0. What is the thousands digit of k?
1
Suppose 139874 = 58*v - 119270. What is the tens digit of v?
6
Suppose 4*x - 216 = 252. Suppose -5*i + 8 = -x. What is the units digit of i?
5
Suppose 3*z + 2*z - 21350 = -5*k, 4*k - 17035 = 5*z. What is the tens digit of k?
6
Let g(q) = q**2 - 5*q - 8. Let y be 2*2/12*42. Let w = y - 6. What is the units digit of g(w)?
6
Suppose -10857 = -j - 10*j. What is the hundreds digit of j?
9
Suppose -3*s + 0*s + 6 = 0. Suppose 15 = s*y + 3*y. Suppose y*t = 8*t - 20. What is the units digit of t?
4
Suppose -2*v - o + 1177 = -1021, 5*v - 5488 = o. What is the hundreds digit of v?
0
Suppose -2*s - 4*s + 3510 = 0. What is the units digit of s?
5
Suppose 42 = 16*m - 13*m. Suppose 2*d = m + 78. What is the tens digit of d?
4
Let r(u) = -7*u**3 + 3*u**2 - 8*u + 8. What is the hundreds digit of r(-6)?
6
Let l(u) = -u**3 - u. Let a(o) = -5*o**3 + 12*o**2 - 6*o - 1. Let k(x) = -a(x) + 4*l(x). What is the units digit of k(12)?
5
Let q(d) = 729*d + 14. What is the units digit of q(1)?
3
Let f = -23 + 390. What is the tens digit of f?
6
What is the tens digit of (6 - 277)/(4 - 5)?
7
Suppose 2*x - 3 = 3, 39 = -5*t + 3*x. What is the tens digit of (t/15)/((-5)/325)?
2
Let m = -28 - -12. Let i = 86 + m. What is the tens digit of i?
7
Let p(n) = -13*n - 9. Let c be p(-3). Suppose 2*r + c = 3*r. What is the tens digit of r?
3
Suppose 6 = -10*y + 12*y. Suppose 5*p - 239 = p - y*n, p - 71 = 3*n. What is the tens digit of p?
6
Suppose 4*m + 357 = 3*v, v - 2*m - 109 = -4*m. What is the tens digit of v?
1
Suppose 2*o + 29 = 17. What is the hundreds digit of o/(-2) + (5 - -222)?
2
Let r = -534 - -2839. What is the units digit of r?
5
Let v = 173 - 105. What is the units digit of v?
8
Let u = -58 - -62. Suppose -5*l + u*r + 147 = -4*l, -l + 144 = -3*r. What is the hundreds digit of l?
1
Suppose 3*s = -0 + 15, -c + 5*s = 10. Suppose -c = h - 3*k, 4*h - 2*k = -0*k - 20. What is the units digit of (h/(-9))/((-2)/(-6))?
1
Let g(k) = 37*k**2 + 7*k + 27. Let l be g(-5). What is the tens digit of (-2)/1*(0 + l/(-14))?
3
Let f(i) = i**3 + 6*i**2 - 7*i - 3. Let a(z) = 2*z + 14. Let s be a(-10). What is the tens digit of f(s)?
3
Suppose m = 5*b + 10, -3*b - 15 - 3 = -3*m. Let y(z) = -z**3 + 8*z**2 - 12*z - 2. What is the tens digit of y(m)?
1
Let o(n) = -n**2 - 8*n - 14. Let a(j) = -3*j**2 - 16*j - 27. Let d(g) = -2*a(g) + 5*o(g). Let k = 126 - 114. What is the units digit of d(k)?
2
Let g be 5*(-2)/5*(-21)/(-2). Let v = g + 46. What is the units digit of v?
5
Suppose -3*w - 531 = -3*s + 6*s, 2*s + 178 = -w. Let i = -122 - w. What is the tens digit of i?
5
Suppose 822 = -4*r + c + 3077, -4*c - 2252 = -4*r. What is the tens digit of r?
6
Let l(i) = 14*i + 10. Suppose -3*g + 66 = 45. What is the tens digit of 